.
31
Calculate the remainder when 93047 is divided by 12.
11
Calculate the remainder when 1512 is divided by 188.
8
Calculate the remainder when 185768 is divided by 2160.
8
What is the remainder when 19190 is divided by 1466?
132
Calculate the remainder when 14440 is divided by 972.
832
What is the remainder when 7224 is divided by 63?
42
What is the remainder when 4523 is divided by 26?
25
What is the remainder when 3893 is divided by 1250?
143
Calculate the remainder when 586 is divided by 448.
138
What is the remainder when 269 is divided by 160?
109
What is the remainder when 12385 is divided by 76?
73
What is the remainder when 16708 is divided by 209?
197
Calculate the remainder when 481 is divided by 77.
19
What is the remainder when 19004 is divided by 28?
20
Calculate the remainder when 14313 is divided by 365.
78
What is the remainder when 1901378 is divided by 515?
513
Calculate the remainder when 861476 is divided by 24.
20
Calculate the remainder when 242783 is divided by 108.
107
Calculate the remainder when 8104 is divided by 476.
12
Calculate the remainder when 6345 is divided by 59.
32
What is the remainder when 2727 is divided by 45?
27
Calculate the remainder when 4152 is divided by 321.
300
What is the remainder when 82329 is divided by 476?
457
Calculate the remainder when 43 is divided by 34.
9
Calculate the remainder when 722 is divided by 355.
12
What is the remainder when 24969 is divided by 221?
217
Calculate the remainder when 26493 is divided by 13.
12
What is the remainder when 515871 is divided by 255?
6
What is the remainder when 466799 is divided by 240?
239
Calculate the remainder when 116902 is divided by 158.
140
What is the remainder when 16187 is divided by 3708?
1355
Calculate the remainder when 18661 is divided by 301.
300
What is the remainder when 631576 is divided by 13?
10
What is the remainder when 225525 is divided by 12?
9
What is the remainder when 9047 is divided by 25?
22
Calculate the remainder when 46385 is divided by 7.
3
Calculate the remainder when 43467 is divided by 522.
141
Calculate the remainder when 32951 is divided by 123.
110
What is the remainder when 139600 is divided by 119?
13
What is the remainder when 218667 is divided by 15?
12
What is the remainder when 1375 is divided by 978?
397
Calculate the remainder when 1672 is divided by 30.
22
What is the remainder when 118748 is divided by 310?
18
What is the remainder when 1130 is divided by 516?
98
What is the remainder when 14656 is divided by 309?
133
What is the remainder when 5572 is divided by 2772?
28
Calculate the remainder when 1012646 is divided by 157.
153
Calculate the remainder when 8935 is divided by 1486.
19
What is the remainder when 113969 is divided by 11396?
9
Calculate the remainder when 2114103 is divided by 1716.
1707
What is the remainder when 4464 is divided by 22?
20
Calculate the remainder when 66007 is divided by 282.
19
Calculate the remainder when 369887 is divided by 835.
817
What is the remainder when 30355 is divided by 2526?
43
What is the remainder when 162514 is divided by 54170?
4
Calculate the remainder when 1365 is divided by 496.
373
What is the remainder when 26128 is divided by 1004?
24
What is the remainder when 151959 is divided by 1809?
3
Calculate the remainder when 121121 is divided by 8073.
26
What is the remainder when 2358 is divided by 776?
30
What is the remainder when 283 is divided by 279?
4
Calculate the remainder when 25795 is divided by 437.
12
Calculate the remainder when 2284 is divided by 444.
64
What is the remainder when 71861 is divided by 35854?
153
Calculate the remainder when 156 is divided by 75.
6
What is the remainder when 6705 is divided by 69?
12
Calculate the remainder when 36020 is divided by 166.
164
What is the remainder when 1991 is divided by 661?
8
What is the remainder when 432 is divided by 185?
62
Calculate the remainder when 132913 is divided by 10224.
1
Calculate the remainder when 33463 is divided by 58.
55
Calculate the remainder when 1244 is divided by 407.
23
Calculate the remainder when 40843 is divided by 14.
5
What is the remainder when 152768 is divided by 673?
670
What is the remainder when 1520 is divided by 28?
8
What is the remainder when 20596 is divided by 142?
6
What is the remainder when 22236 is divided by 50?
36
Calculate the remainder when 25163 is divided by 156.
47
What is the remainder when 94173 is divided by 872?
869
What is the remainder when 2775 is divided by 883?
126
Calculate the remainder when 11528 is divided by 358.
72
Calculate the remainder when 26250 is divided by 68.
2
Calculate the remainder when 1062 is divided by 247.
74
Calculate the remainder when 4075 is divided by 720.
475
Calculate the remainder when 1457 is divided by 132.
5
Calculate the remainder when 89067 is divided by 28.
27
What is the remainder when 3160406 is divided by 7?
4
Calculate the remainder when 15180 is divided by 505.
30
Calculate the remainder when 10820 is divided by 105.
5
What is the remainder when 524967 is divided by 65620?
7
What is the remainder when 7053 is divided by 2347?
12
What is the remainder when 3638726 is divided by 703?
701
Calculate the remainder when 138858 is divided by 35.
13
Calculate the remainder when 684 is divided by 334.
16
Calculate the remainder when 2607 is divided by 284.
51
What is the remainder when 803 is divided by 10?
3
Calculate the remainder when 6336 is divided by 99.
0
What is the remainder when 219502 is divided by 7839?
10
What is the remainder when 656990 is divided by 1967?
12
What is the remainder when 2186573 is divided by 442?
441
Calculate the remainder when 875489 is divided by 210.
209
Calculate the remainder when 4538 is divided by 2016.
506
What is the remainder when 9027 is divided by 127?
10
What is the remainder when 5092 is divided by 226?
120
Calculate the remainder when 9265 is divided by 659.
39
What is the remainder when 1418 is divided by 210?
158
Calculate the remainder when 60968 is divided by 194.
52
What is the remainder when 140299 is divided by 20042?
5
What is the remainder when 15666 is divided by 184?
26
Calculate the remainder when 16237 is divided by 353.
352
What is the remainder when 1372082 is divided by 1313?
1310
Calculate the remainder when 14882 is divided by 1236.
50
Calculate the remainder when 1774 is divided by 177.
4
Calculate the remainder when 6247 is divided by 479.
20
Calculate the remainder when 71225 is divided by 76.
13
Calculate the remainder when 127572 is divided by 64.
20
Calculate the remainder when 57916 is divided by 18.
10
Calculate the remainder when 142288 is divided by 222.
208
What is the remainder when 81491 is divided by 237?
200
Calculate the remainder when 1305 is divided by 345.
270
What is the remainder when 49602 is divided by 4508?
14
What is the remainder when 562 is divided by 456?
106
Calculate the remainder when 185613 is divided by 61834.
111
What is the remainder when 84538 is divided by 1157?
77
Calculate the remainder when 24174 is divided by 390.
384
Calculate the remainder when 112725 is divided by 349.
347
What is the remainder when 6497 is divided by 1074?
53
Calculate the remainder when 9853 is divided by 1969.
8
Calculate the remainder when 14481 is divided by 37.
14
What is the remainder when 10298 is divided by 3415?
53
Calculate the remainder when 48233 is divided by 11982.
305
Calculate the remainder when 164 is divided by 149.
15
Calculate the remainder when 12120 is divided by 28.
24
Calculate the remainder when 47047 is divided by 36.
31
What is the remainder when 2586 is divided by 521?
502
What is the remainder when 11552 is divided by 483?
443
Calculate the remainder when 14629 is divided by 294.
223
Calculate the remainder when 68470 is divided by 22813.
31
What is the remainder when 3227 is divided by 460?
7
What is the remainder when 129675 is divided by 230?
185
What is the remainder when 15200 is divided by 186?
134
Calculate the remainder when 1938 is divided by 621.
75
What is the remainder when 6872 is divided by 1607?
444
Calculate the remainder when 280662 is divided by 207.
177
What is the remainder when 41288 is divided by 20?
8
Calculate the remainder when 38460 is divided by 1424.
12
W